c*a - 5 = -h*a. What is the units digit of a?
5
Let o(y) = -y**3 - 2*y**2 + 70*y + 2752. What is the tens digit of o(0)?
5
Let s(n) = 5*n**2 + n + 4. Let i(d) = -d**2 + 1. Let u(v) = -6*i(v) - s(v). Let r be u(10). Suppose r = -8*w + 9*w. What is the units digit of w?
0
Let u(k) = -2*k**3 + 5*k**2 + 2*k - 5. Let w be u(2). What is the hundreds digit of (-4)/(-3)*3 + w + 281?
2
Let h(a) = a**3 - 9*a**2 + 20*a + 31. Let u be h(5). Suppose -34*c + 612 = -u*c. What is the units digit of c?
4
Let j be (-42)/((-15)/5) - 3. Suppose -j*l + 12*l = 2. Suppose -i - 5*x = -2*i + 6, -2*i - l*x + 24 = 0. What is the tens digit of i?
1
Let m(b) = 743*b - 208. What is the units digit of m(5)?
7
Suppose 38 - 41 = -3*d, -d + 44476 = 5*g. What is the units digit of g?
5
Let f(z) = -z**3 + 29*z**2 - 23*z - 134. Let a be f(28). Suppose 17*n = -a*n + 8027. What is the hundreds digit of n?
3
Suppose -5*l + 4*n + 31 = -0*l, -2*n = 8. Suppose -62 = -2*z + 2*t + 102, 323 = 4*z - l*t. What is the tens digit of z?
7
What is the units digit of (348/(-90) + 4)*-6 - (-92668)/10?
6
Let z(f) = -f**3 - 3*f**2 - 3*f. Let c be z(-2). Suppose 23 = -3*o - 5*m, 2*m - 5 = -7. What is the units digit of 1 + c + o - 1*-140?
7
Suppose 5*x = -n + 10, x = -5*n + 9*n - 19. Suppose -582 = -3*f - 3*c, -n*c = -4*f - 6*c + 782. What is the hundreds digit of f?
1
Let s be (30/20)/((-2)/(-24)). Suppose 3*v + 3*m - 2898 = 0, 0 = v - 19*m + s*m - 960. What is the hundreds digit of v?
9
Suppose 0 = 3*k, -z + k + 191 = -129. Suppose -3*n + 0*n + 2*u = -499, 2*n - z = -5*u. What is the hundreds digit of n?
1
Let o = -15 + 88. Let l = -11 + o. Suppose l + 42 = 4*d - 4*s, s = -4*d + 129. What is the units digit of d?
1
Let x = 1782 - -34199. What is the ten thousands digit of x?
3
Suppose -t - t = -86. Let y = 47 - t. Suppose 2*z - y*z = -44. What is the tens digit of z?
2
Let c = -17 + 7. Let k(l) = -2*l**2 - 9*l + 5. Let y be k(c). Let w = 334 + y. What is the hundreds digit of w?
2
Let x(v) = -v - 14. Let u be x(-9). Let s(l) = -7*l**2 - 5. Let t(n) = -n**2. Let a(c) = -s(c) + 5*t(c). What is the tens digit of a(u)?
5
Let v(f) = -f**3 - 8*f**2 - 12*f + 15. Let q be (-12)/36 - ((-28)/(-6) + 2). What is the units digit of v(q)?
0
Let u be (0 - -1)/(7/38472*6). Let o = -75 + u. What is the units digit of o?
1
Let r(g) = -g**3 + 24*g**2 - 35*g + 31. What is the units digit of r(22)?
9
Suppose 3*f - 2*b + 2942 - 16783 = 0, -f + 5*b = -4618. What is the tens digit of f?
1
Suppose 19*u - 23*u + 420 = 0. Suppose -108*c + u*c + 9 = 0. Suppose 18 = f + 3*w, -c*f + 0*w - 2*w = -75. What is the units digit of f?
7
Let m = -802 + 9193. What is the tens digit of m?
9
Suppose 5*l + 138 - 8 = 0. Let g(i) be the second derivative of i**5/20 + 25*i**4/12 - 11*i**3/2 - 27*i**2/2 + 15*i + 2. What is the hundreds digit of g(l)?
1
Let u = -23 - -27. Let d be -1 - (24 - u) - 4. Let a = 50 + d. What is the tens digit of a?
2
Let q be 80/15*(-2)/(12/(-9)). Let u(d) = -d**2 + 54*d + 19. What is the hundreds digit of u(q)?
3
Let c = 1061 - 872. Suppose c*y + 138 = 195*y. What is the units digit of y?
3
What is the tens digit of (-833)/595 + 508433/20 + 5/(-4)?
1
Suppose -26 - 1 = -3*u. Suppose -u = -q - 6. Suppose 30 = -q*v + 60. What is the tens digit of v?
1
Let p(b) = 177*b**3 + 13*b**2 - b - 2. What is the units digit of p(3)?
1
Let x(w) = -w**3 - 3*w**2 + 6*w + 5. Let r be x(-4). Let g be (3*r/(-9) + 0)/(-1). Let v = g - -145. What is the tens digit of v?
4
Let q be (-546010)/(-40) + (-3)/12. Suppose -25*r - q = -51*r. What is the hundreds digit of r?
5
Let q = -684 - -366. What is the units digit of q/9*(-3 + (-12)/8)?
9
Let x be -4 + (3 + 5 - 50)/1. Suppose 4*f - 36 + 196 = 0. Let i = f - x. What is the units digit of i?
6
What is the thousands digit of 237/(-632) - (-1 + 297094/(-16))?
8
Suppose 0 = 48*m - 50*m + 5*z, -22 = m + 3*z. What is the tens digit of 1*((-4)/(-6))/(m/(-555))?
3
Let j be -1*(-15)/(-21) - (-4)/(-14). Let w be 4 + (3 - (-3)/j). Suppose 4*f + f + m = 854, w*f = 4*m + 688. What is the hundreds digit of f?
1
Suppose -c - 34 = -2*b + c, -4*b - 2*c = -50. Let t = 15 - b. What is the units digit of 13 + (-1 - -1 - (-2 - t))?
6
Suppose -5*b + 8*g - 13*g = -141465, -3*b - 4*g + 84874 = 0. What is the units digit of b?
8
Suppose -224776 = -18*g - 51364. What is the thousands digit of g?
9
What is the tens digit of 206730/(-75)*175/(-21)?
7
Let o(s) = -5*s**2 + 10*s - 12. Let f(q) = -4*q**2 + 9*q - 13. Let z(i) = 6*f(i) - 5*o(i). Let p be z(8). What is the tens digit of (-3 - -2)*(-4 - p)?
8
Let q = 5 + -2. Let j be -2 + 30/(2 + q). What is the units digit of ((-34)/j)/((-4)/24)?
1
Suppose 10*p - 127*p + 4944030 = -12*p. What is the thousands digit of p?
7
Let k = 52837 - 39612. What is the units digit of k?
5
Suppose 31*y - 14 = 24*y. Suppose -2*c - 3355 = -5*m + y*c, 2*c = -3*m + 1991. What is the units digit of m?
7
Suppose -3*m - 1 = 2*x + 4, 1 = -4*x - 3*m. Let q be 78 + 2*3/x. What is the tens digit of (-1)/(1 - 2 - (-80)/q)?
8
Suppose -5*o + 14544 = -4206. Suppose 5*t + 0*t = 5*q - o, q - 5*t - 754 = 0. What is the hundreds digit of q?
7
Let d(z) = -z**3 - 19*z - 19. Let c be d(-8). Suppose -c = -v + j, v - 5*j = 6*v - 3215. Suppose 456 = 10*s - v. What is the units digit of s?
0
Suppose 4*k = -5*q + 84455, -5*q - 5*k + 71288 = -13167. What is the tens digit of q?
9
Let o(l) = -3*l - 16. Let u be o(-6). Suppose -15 + 5 = -u*z. Let g(m) = 37*m + 29. What is the units digit of g(z)?
4
Let i = -15 - -57. Suppose 3*y - l + 4 = 0, -16 = 2*y - 0*l - 4*l. Let d = y + i. What is the units digit of d?
2
Suppose -1704794 = -6649*t + 6591*t. What is the thousands digit of t?
9
Let y be (-2)/((5/15)/((-1)/6)). Let r be ((-28)/(-42) - 2/(-6))/y. What is the units digit of (0 - r)/(((-40)/(-345))/(-8))?
9
Let y(p) be the second derivative of 12*p + 0 - 1/2*p**2 + 0*p**3 + 41/10*p**5 + 1/6*p**4. What is the tens digit of y(1)?
8
Suppose 0 = -157*a + 1513813 + 1164136. What is the units digit of a?
7
Suppose 4*u + 3*h - 55 + 44 = 0, 3*h + 19 = 2*u. Let c be -1*1*-134 - -2. Suppose -214 = -u*k + c. What is the tens digit of k?
7
Suppose -22*g + 45139 - 6485 = 0. What is the hundreds digit of g?
7
Suppose 10*j = 7*j. Suppose j - 8 = -4*v. Suppose -v*g = 8, -4*i + 2*g - 38 = -230. What is the units digit of i?
6
Suppose 4*y + 520 = -4*p, -p + 242 = -4*y - 263. Suppose 4*l + 2*k = 1354, -l - l + k = -679. Let z = y + l. What is the units digit of z?
2
Suppose 0 = 3*b - 2*z - 15376 - 31304, 30 = -5*z. What is the tens digit of b?
5
Let m(j) = 14*j**2 + 24*j**2 - 4 + 4*j**2 + 3*j - 6*j**2. Suppose g + g - 4*o + 24 = 0, -o = 3*g + 1. What is the units digit of m(g)?
4
Let j(r) = 8*r - 117. Let x be j(15). Suppose -5*s - 5*z = -0*z - 6025, z = -x*s + 3609. What is the thousands digit of s?
1
Suppose 0 = 26*r - 18*r - 69144. Suppose 7*s - r = -173. What is the thousands digit of s?
1
Let w(m) = m**2 - 3*m - 1. Let c be 5/((-25)/10)*-2. Let l be w(c). Suppose l*z - 106 = h + h, 5*z = -4*h + 206. What is the tens digit of z?
3
Let x(w) = -3*w. Suppose -2 = -2*z + 3*z. Let q be x(z). What is the tens digit of ((-8)/q)/(1/(-69)*2)?
4
Let k be (-68)/(-18) + 2/9. Let j(p) = 1. Let u(x) = -10*x - 47. Let y(h) = k*j(h) + u(h). What is the tens digit of y(-6)?
1
Suppose -3*i - 4 = 2, 3*w + 10*i - 145408 = 0. What is the hundreds digit of w?
4
Let a(h) = 8*h**3 + 5*h**2 - 7*h + 5. Let f(z) = z**3 + 10*z**2 + 12*z + 30. Let c be f(-9). What is the units digit of a(c)?
5
Suppose 13*z = 4 + 35. Suppose 0 = 2*p - z*v - 1289, -2*p + 2*v + 674 = -610. What is the units digit of p?
7
Let s(r) = -356*r + 47. Suppose 0 = -32*l + 14 - 78. What is the tens digit of s(l)?
5
Suppose 0 = 2*k - y - 12284, 3*y = 2*k - 11050 - 1246. What is the thousands digit of k?
6
Suppose 2*o = 5*z + 1, 5*o - 13 = -3*z + 5. Suppose 2*s - 2872 = 5*h, 0 = o*s + 2*h - 3829 - 479. What is the thousands digit of s?
1
Suppose 14*c - 2*c = -12. Let s be c*1 - (5 + (-9 - -3)). Suppose -6*h = -s*h - 6. What is the units digit of h?
1
Let s = 451 - 191. What is the units digit of s - 3 - (-8 - -4)?
1
Suppose j + 2*m = 17211, -3*m + 102501 = 4*j + 33672. What is the tens digit of j?
0
Let m(g) be the first derivative of -g**4/4 - 19*g**3/3 - 17*g**2/2 + 13*g + 36. Let